3 + 1038 = 3*d - 5*r, 0 = 3*r + 12. What are the prime factors of d?
607
Suppose x = 2*x - 72. Let c be 42/4*x/42. Let v = c + -10. List the prime factors of v.
2
Let m = 33 + -23. Let i(b) = -b**3 + 9*b**2 + 13*b. List the prime factors of i(m).
2, 3, 5
Let m(n) = -8*n**3 + n**2 + n - 1. Let u be m(-1). Let c = u - -31. What are the prime factors of c?
2, 19
Suppose 4*d = 2*g + 42, 2*d - 2*g + 3*g = 23. Suppose d = t - 53. What are the prime factors of t?
2
Suppose -2*o + 5*o + 55 = -4*k, 3*o + 85 = 2*k. Let f = o - -53. List the prime factors of f.
2, 7
Let v(l) = 7 + 6 - 8 - 41*l. What are the prime factors of v(-4)?
13
Let j(x) = 10*x - 58. Let g be j(9). Suppose -2*d = -3*k + 19, 2*d - d = -k - 2. Let w = g - k. What are the prime factors of w?
29
Let v be 5/6 + -1 + 881/(-6). Let l = v - -263. What are the prime factors of l?
2, 29
Suppose 3*n = 5*n - 10. Suppose -2*j + 51 = -61. Suppose n*l = j + 14. List the prime factors of l.
2, 7
Suppose w + 5 - 3 = 0. Let a be 4*1/w - 0. What are the prime factors of 150/18 - a/3?
3
Let w = -2520 + 4434. List the prime factors of w.
2, 3, 11, 29
Let j(p) = p**2 + p + 5. Suppose 65 = 3*a - 49. Let n = -32 + a. List the prime factors of j(n).
47
Suppose 2*k + 4 = k - 4*y, -k = y - 11. Suppose 11*s - k*s = -410. List the prime factors of s.
2, 41
Let y(i) = -862*i + 269. What are the prime factors of y(-3)?
5, 571
Let d = 54 - -670. What are the prime factors of d?
2, 181
List the prime factors of (8/3)/(9/(-9720)*-10).
2, 3
Suppose 5*g + 163 = 6*g. What are the prime factors of g?
163
Let j be (-21)/9*3*2. Let b = j + 226. Suppose -5*f + w + b = -0*w, -5*f - 2*w = -206. What are the prime factors of f?
2, 3, 7
What are the prime factors of (-5)/15 + 1/((-3)/(-1483))?
2, 13, 19
Suppose 2*o - 458 = 2*k, 2*o + 2*o = -4*k + 876. What are the prime factors of (4 - 57/15) + o/5?
3, 5
Let v = -379 + 619. List the prime factors of v.
2, 3, 5
Let j be (102/4)/(-3)*-2. Suppose -12*v = -j*v + 1315. List the prime factors of v.
263
Let w(g) = 14. Let z(o) = -o - 1. Let t(s) = -3*w(s) - 30*z(s). What are the prime factors of t(7)?
2, 3, 11
Let q be -3 + 0/4 - (4 - 903). Suppose q + 49 = 7*a. List the prime factors of a.
3, 5
Suppose b - 117 = 4*h - 4*b, -2*b + 102 = -4*h. Let w(v) = -v**3 + 6*v**2 + 8*v + 18. Let t be w(6). Let g = h + t. List the prime factors of g.
43
Let y(k) = k**3 - 9*k**2 - 11*k + 13. Let w be y(9). Let r = -7 - w. What are the prime factors of r?
79
Let u be (-15)/(-3)*(-3)/(-5). Suppose -u*y - 2*y + 60 = 0. Suppose 0 = -x + y + 49. What are the prime factors of x?
61
Let i(w) = -37*w + 24. Let m be i(9). List the prime factors of ((-2)/6)/(1/m).
103
Let z(f) = -f. Let i(b) = 18*b**2 - b - 3. Let m(g) = i(g) - 2*z(g). What are the prime factors of m(-2)?
67
Suppose 65 = d + 2*d - 5*a, 41 = 2*d - a. Suppose -2*u = n - 25, -d = 3*n + n. What are the prime factors of u?
3, 5
Suppose -8*t = 21*t - 5046. What are the prime factors of t?
2, 3, 29
Suppose -116 = -4*i - 0*i. Suppose 63 = 4*q + 5*m - i, -3*q - m = -58. What are the prime factors of q?
2, 3
Suppose 0 = -2*w + d + 3, 9 = 2*w + w - 3*d. Let n be w/2 + 4/2. Suppose n*v = -0*v + 54. What are the prime factors of v?
3
Let w(k) be the first derivative of -k**4/4 - 13*k**3/3 + k**2/2 - 2*k + 1. Let h be w(-13). Let l = h + 20. What are the prime factors of l?
5
Let m(l) be the second derivative of -6*l + 1/20*l**5 + 5/6*l**4 + 0 + 13/2*l**2 - 11/6*l**3. List the prime factors of m(-11).
13
Suppose -4*z + 175 = 5*k, k - 50 = 3*z - 186. Suppose -z = -5*f + 30. What are the prime factors of f?
3, 5
Let m be 34/(-12)*48/(-8). Let i = m + 1. What are the prime factors of i?
2, 3
Suppose f - 2 - 7 = 0. Let t(s) = 2*s - 12. List the prime factors of t(f).
2, 3
Let w(y) = 9*y + 6. Let l(f) = -26*f - 18. Let a(v) = 4*l(v) + 11*w(v). Let t be a(-4). Suppose -2*c = -3*c + t. What are the prime factors of c?
2, 7
List the prime factors of (117/(-15) + 7)*830/(-4).
2, 83
Suppose 0 = -f - c, -2*f = -0*f + 3*c - 2. Let d(a) = -140*a + 5. What are the prime factors of d(f)?
3, 5, 19
Let r be (-1)/(4 - (-45579)/(-11394)). Suppose -12*u + 3*u + r = 0. Suppose 3*v = -3*o + 146 + 91, 4*o + u = 5*v. What are the prime factors of v?
2, 41
Let m = 2969 + 617. What are the prime factors of m?
2, 11, 163
Let r be 24/36 - (-38)/(-3). Let d be (r/(-15))/((-2)/(-15)). List the prime factors of ((-10)/(-1))/(-4 + d).
5
Suppose 3*r - 3048 = -510. Suppose 9*j = 6*j - 3*s + 636, 4*j + 3*s = r. List the prime factors of j.
2, 3, 5, 7
Suppose -3*k + 31*x + 5913 = 33*x, 3*k = 2*x + 5913. List the prime factors of k.
3, 73
Let n(z) be the first derivative of -7*z**5/40 - z**4/12 - 4*z**3/3 - 2. Let b(d) be the third derivative of n(d). List the prime factors of b(-1).
19
Let m be (-7 - -3)/8*-4. Suppose 22 = -2*o + 5*y - 5, m*o + 4*y - 18 = 0. List the prime factors of (110/(-10))/(o/3).
3, 11
Suppose -4*u + 2678 + 1074 = 0. What are the prime factors of u?
2, 7, 67
Let y be 117/((-3)/(-2)*-1). Let n be y/(-65) + (-1)/5. Let d(q) = 19*q + 1. What are the prime factors of d(n)?
2, 5
Let m(n) = 4*n**2 - 4*n + 8. Let h be m(3). List the prime factors of (h + -1)/(-2 - (-22)/10).
5, 31
Let y = 48 - 44. Suppose -y*p = p - 485. List the prime factors of p.
97
Suppose -5*u = -2*h - 61, 2*u = -0*u + 2*h + 28. Suppose -2*z + u = 1. Suppose -5*x = -3*n + 2*n - 47, 2*x - z*n = 28. What are the prime factors of x?
3
Suppose -2*c = c - 6. Let b(k) = k - 1. Let l be b(c). List the prime factors of (-1 + 16)*l - 0.
3, 5
Let w be (-2)/(-11) - 526/(-11). Suppose -z - 3*r = -w, -2*z + 4*r = -0*z - 136. What are the prime factors of z?
2, 3, 5
Let k(h) = 21*h**2 - 4*h - 16. List the prime factors of k(-3).
5, 37
Let z = -121 - -611. What are the prime factors of z?
2, 5, 7
Let f = 4 - 1. Suppose -f*r + 6*r - 171 = 0. What are the prime factors of r?
3, 19
Let o be ((-1)/(-3))/(4/12). What are the prime factors of (12/(-7))/(o/(294/(-3)))?
2, 3, 7
Let f(m) = m - 4. Let r be f(7). Suppose 3*q - b = 373, -4*q - b = r*b - 508. List the prime factors of q.
5
Let a(f) = -5*f**2 - 9*f - 59. Let j(b) = 2*b**2 + 4*b + 29. Let y(n) = 3*a(n) + 7*j(n). List the prime factors of y(0).
2, 13
What are the prime factors of -4*(4 + -3) - -603?
599
List the prime factors of (661/4)/(4/(2 + 14)).
661
Let y(w) = -2*w**3 - 3*w**2 - 2*w - 3. Let r be y(-2). Suppose r*a + 118 = -2*u, a + 5*u = 2*a + 29. Let l = a - -49. What are the prime factors of l?
5
Let p(z) = 4*z**2 + 13*z + 21. Let d be p(-11). Let l = 15 + d. Suppose 7*j - 50 = l. What are the prime factors of j?
61
Suppose 100 = -y + 5*v, 0*y - 3*y = 5*v + 220. Let a = -56 - y. What are the prime factors of a?
2, 3
Suppose 61 = b + 5*h - 733, 3096 = 4*b + 4*h. List the prime factors of b.
769
Suppose -19*d = -13*d - 9936. What are the prime factors of d?
2, 3, 23
Let g = -568 + 822. List the prime factors of g.
2, 127
Suppose -n + 3*n - 2*o + 16 = 0, -2*n - 5*o + 19 = 0. What are the prime factors of n/(-2)*((-1690)/(-15) + 0)?
13
Suppose 3*q - 3 = -q - 3*g, 0 = -5*q + 2*g - 2. Suppose 3*b = -q*b + 660. List the prime factors of b.
2, 5, 11
Suppose -3310 - 218 = -6*y. List the prime factors of y.
2, 3, 7
Suppose 2371 = 29*n - 2762. What are the prime factors of n?
3, 59
Suppose -5*y + 451 = -264. Let o = -89 + y. List the prime factors of o.
2, 3
Let h(f) = -2*f**3 - 20*f**2 + 14*f - 26. Let d be h(-11). Let s = d - -173. What are the prime factors of s?
5, 47
Suppose a - 2*m + 13638 = 6*a, -5*m = 2*a - 5451. What are the prime factors of a?
2, 11, 31
What are the prime factors of 3988/4 - (-2)/3*3?
3, 37
Let i = -1762 + 4779. List the prime factors of i.
7, 431
Suppose u = 766 + 375. What are the prime factors of u?
7, 163
Suppose 24 = -9*q + 11*q. Suppose -13*r + 93 = -q*r. List the prime factors of r.
3, 31
Let d(f) = 2*f**3 + 9*f**2 - 17*f - 13. Let l(c) = -3*c**3 - 8*c**2 + 18*c + 13. Let r(s) = -4*d(s) - 3*l(s). What are the prime factors of r(11)?
2, 23
Let j = -19 + 179. Suppose 0 = -0*r - 5*r + j. Suppose 64 + r = 4*k. What are the prime factors of k?
2, 3
Suppose 4*a - 8*a - 4 = 0, -5*t + 960 = -5*a. What are the prime factors of t?
191
Let m(v) = -25*v - 107. List the prime factors of m(-42).
23, 41
Suppose 8*v - 11544 = 4*v - 4*s, 0 = 5*v -